{"id":190,"date":"2021-10-28T16:26:49","date_gmt":"2021-10-28T14:26:49","guid":{"rendered":"https:\/\/gailhac.org?page_id=190"},"modified":"2022-01-14T11:22:54","modified_gmt":"2022-01-14T10:22:54","slug":"hebergement","status":"publish","type":"page","link":"https:\/\/gailhac.org\/index.php\/hebergement\/","title":{"rendered":"H\u00e9bergement"},"content":{"rendered":"\n<p class=\"has-drop-cap has-headings-color has-text-color\">Quelles que soient vos difficult\u00e9s, vous \u00eates consid\u00e9r\u00e9 comme un \u00eatre \u00e0 part enti\u00e8re, unique et singulier. Vous b\u00e9n\u00e9ficierez d\u2019une prise en charge et d\u2019un accompagnement individualis\u00e9 de qualit\u00e9 qui prend en compte votre situation, vos besoins et vos attentes. \u00c9galement, vous participerez \u00e0 la pr\u00e9paration de votre projet, en vous y impliquant r\u00e9ellement et concr\u00e8tement dans sa conduite et sa mise en \u0153uvre.<\/p>\n\n\n\n<div style=\"height:39px\" aria-hidden=\"true\" class=\"wp-block-spacer\"><\/div>\n\n\n\n<h2 class=\"has-text-align-center wp-block-heading\"><span style=\"text-decoration: underline;\">Les solutions :<\/span><\/h2>\n\n\n\n<div style=\"height:72px\" aria-hidden=\"true\" class=\"wp-block-spacer\"><\/div>\n\n\n\n<div class=\"wp-block-columns is-layout-flex wp-container-core-columns-is-layout-9d6595d7 wp-block-columns-is-layout-flex\">\n<div class=\"wp-block-column info_card services secondary_card hebergement is-layout-flow wp-block-column-is-layout-flow\">\n<h3 class=\"has-text-align-center wp-block-heading\">MECS<\/h3>\n\n\n\n<p class=\"has-text-align-center has-headings-color has-text-color\">(Maison de Enfants \u00e0 Caract\u00e8re Sociale)<\/p>\n\n\n\n<p class=\"has-headings-color has-text-color\"> Compos\u00e9 de <strong>32<ins>&nbsp;places<\/ins><\/strong> sur 4 unit\u00e9s :<\/p>\n\n\n\n<ul class=\"has-headings-color has-text-color wp-block-list\"><li>G1 (4-11 ans) <span style=\"text-decoration: underline;\">9 places<\/span> \u00e0 B\u00e9ziers<\/li><li>G2 (11-14 ans) <span style=\"text-decoration: underline;\">9 places<\/span> \u00e0 B\u00e9ziers<\/li><li>G3 (15-17 ans) <span style=\"text-decoration: underline;\">9 places <\/span>\u00e0 B\u00e9ziers<\/li><li>G4 (11-17 ans) <span style=\"text-decoration: underline;\">5 places<\/span> \u00e0 Poussecq<\/li><\/ul>\n\n\n\n<p class=\"has-text-align-center\"><a href=\"https:\/\/gailhac.org\/wp-content\/uploads\/2021\/11\/Projet_etablissement_jean_gailhac.pdf\"> Lien vers le document projet de service MECS <\/a><\/p>\n<\/div>\n\n\n\n<div class=\"wp-block-column info_card services secondary_card hebergement is-layout-flow wp-block-column-is-layout-flow\">\n<h3 class=\"has-text-align-center wp-block-heading\">SAP<\/h3>\n\n\n\n<p class=\"has-text-align-center has-headings-color has-text-color\">(Service d&rsquo;Accompagnement Personnalis\u00e9)<\/p>\n\n\n\n<p class=\"has-headings-color has-text-color\">Compos\u00e9 de 6 places sur 3 unit\u00e9s :<\/p>\n\n\n\n<ul class=\"has-headings-color has-text-color wp-block-list\"><li>G1 (4-11 ans) <span style=\"text-decoration: underline;\">2 places<\/span> \u00e0 B\u00e9ziers<\/li><li>G2 (11-14 ans) <span style=\"text-decoration: underline;\">2 places<\/span> \u00e0 B\u00e9ziers<\/li><li>G3 (15-17 ans) <span style=\"text-decoration: underline;\">2 places<\/span> \u00e0 B\u00e9ziers<\/li><li><span style=\"text-decoration: underline;\">14 places<\/span> pour des jeunes vivant au domicile parental<\/li><\/ul>\n\n\n\n<p class=\"has-text-align-center\"><a href=\"https:\/\/gailhac.org\/wp-content\/uploads\/2021\/11\/Projet_service_SAA.pdf\"> Lien vers le document projet de service SAP  <\/a><\/p>\n<\/div>\n\n\n\n<div class=\"wp-block-column info_card services secondary_card hebergement is-layout-flow wp-block-column-is-layout-flow\">\n<div class=\"wp-block-group\"><div class=\"wp-block-group__inner-container is-layout-flow wp-block-group-is-layout-flow\">\n<h3 class=\"has-text-align-center wp-block-heading\">SAF<\/h3>\n\n\n\n<p class=\"has-text-align-center has-headings-color has-text-color\">  (Service d&rsquo;Accompagnement Familial)  <\/p>\n\n\n\n<p class=\"has-headings-color has-text-color\">Compos\u00e9 de 4 places sur 3 unit\u00e9s :<\/p>\n\n\n\n<ul class=\"has-headings-color has-text-color wp-block-list\"><li><span style=\"text-decoration: underline;\">14 places<\/span> \u00e0 B\u00e9ziers<\/li><li>7<span style=\"text-decoration: underline;\"> places<\/span> \u00e0  B\u00e9darieux<\/li><li><span style=\"text-decoration: underline;\">4 places<\/span> de repli r\u00e9serv\u00e9s \u00e0 la MECS<\/li><\/ul>\n\n\n\n<p class=\"has-text-align-center\"><a href=\"https:\/\/gailhac.org\/wp-content\/uploads\/2021\/11\/Projet_service_SAF.pdf\">Lien vers le document projet de service SAF<\/a><\/p>\n<\/div><\/div>\n<\/div>\n\n\n\n<div class=\"wp-block-column info_card services secondary_card hebergement is-layout-flow wp-block-column-is-layout-flow\">\n<h3 class=\"has-text-align-center wp-block-heading\">SAA<\/h3>\n\n\n\n<p class=\"has-text-align-center has-headings-color has-text-color\">(Service d&rsquo;Accompagnement \u00e0 l&rsquo;Autonomie)<\/p>\n\n\n\n<p class=\"has-headings-color has-text-color\">Compos\u00e9 de 9 places sur une unit\u00e9 :<\/p>\n\n\n\n<ul class=\"has-headings-color has-text-color wp-block-list\"><li><span style=\"text-decoration: underline;\">9 places<\/span> pour des 17-21 ans&nbsp;sur BEZIERS ville<\/li><\/ul>\n\n\n\n<p class=\"has-text-align-center\"><a href=\"https:\/\/gailhac.org\/wp-content\/uploads\/2021\/11\/Projet_service_SAA.pdf\"> Lien vers le document projet de service SAA  <\/a><\/p>\n<\/div>\n<\/div>\n\n\n\n<div style=\"height:100px\" aria-hidden=\"true\" class=\"wp-block-spacer\"><\/div>\n\n\n\n<p class=\"has-drop-cap has-headings-color has-text-color\">Soit <span style=\"text-decoration: underline;\">47 places<\/span> sur ce p\u00f4le. Chaque jeune b\u00e9n\u00e9ficie du soutien de deux personnes qui restent des interlocuteurs privil\u00e9gi\u00e9s. Ils sont charg\u00e9s du suivi du projet. Ces personnes centralisent les informations, pr\u00e9parent les synth\u00e8ses et les r\u00e9unions de projet. Elles sont plus particuli\u00e8rement charg\u00e9s du lien avec les familles ou les partenaires sociaux.<\/p>\n\n\n\n<div style=\"height:100px\" aria-hidden=\"true\" class=\"wp-block-spacer\"><\/div>\n\n\n\n<div class=\"wp-block-group specific_info_block\"><div class=\"wp-block-group__inner-container is-layout-flow wp-block-group-is-layout-flow\">\n<p class=\"has-headings-color has-text-color\">S\u2019agissant majoritairement des<em> mineurs<\/em>, nous accordons une <strong>place importante<\/strong> \u00e0 votre <strong>famille<\/strong>, notamment dans l\u2019\u00e9laboration du <span style=\"text-decoration: underline;\">projet d\u2019accompagnement individualis\u00e9<\/span>, chaque fois que cela est possible et selon la nature de la mesure du placement. <\/p>\n\n\n\n<p class=\"has-headings-color has-text-color\">Le ou les parents ont la possibilit\u00e9&nbsp;: <\/p>\n\n\n\n<ul class=\"has-headings-color has-text-color wp-block-list\"><li><ul><li>D\u2019\u00eatre re\u00e7us \u00e0 leur demande&nbsp;;<\/li><\/ul><ul><li>De participer \u00e0 des rencontres avec l\u2019\u00e9quipe pour discuter de votre projet individualis\u00e9&nbsp;;<\/li><li>D\u2019\u00eatre&nbsp;&nbsp;re\u00e7us lors des manifestations institutionnelles&nbsp;;<\/li><li>Seront toujours inform\u00e9s et leur avis sera recherch\u00e9 pour une d\u00e9cision vous concernant.<\/li><\/ul><\/li><\/ul>\n<\/div><\/div>\n\n\n\n<div style=\"height:100px\" aria-hidden=\"true\" class=\"wp-block-spacer\"><\/div>\n\n\n\n<h4 class=\"has-text-align-center wp-block-heading\">Pour plus de pr\u00e9cisions nous vous proposons de lire notre livret d&rsquo;accueil en cliquant <a href=\"https:\/\/gailhac.orgwp-content\/uploads\/2021\/11\/Livret_accueil.pdf\">ici<\/a><\/h4>\n","protected":false},"excerpt":{"rendered":"<p>Quelles que soient vos difficult\u00e9s, vous \u00eates consid\u00e9r\u00e9 comme un \u00eatre \u00e0 part enti\u00e8re, unique et singulier. Vous b\u00e9n\u00e9ficierez d\u2019une prise en charge et d\u2019un &hellip;<\/p>\n","protected":false},"author":1,"featured_media":0,"parent":0,"menu_order":0,"comment_status":"closed","ping_status":"closed","template":"","meta":{"ngg_post_thumbnail":0,"footnotes":""},"class_list":["post-190","page","type-page","status-publish","hentry"],"yoast_head":"<!-- This site is optimized with the Yoast SEO plugin v18.8 - https:\/\/yoast.com\/wordpress\/plugins\/seo\/ -->\n<title>H\u00e9bergement - Association Jean Gailhac<\/title>\n<meta name=\"robots\" content=\"index, follow, max-snippet:-1, max-image-preview:large, max-video-preview:-1\" \/>\n<link rel=\"canonical\" href=\"https:\/\/gailhac.org\/index.php\/hebergement\/\" \/>\n<meta property=\"og:locale\" content=\"fr_FR\" \/>\n<meta property=\"og:type\" content=\"article\" \/>\n<meta property=\"og:title\" content=\"H\u00e9bergement - Association Jean Gailhac\" \/>\n<meta property=\"og:description\" content=\"Quelles que soient vos difficult\u00e9s, vous \u00eates consid\u00e9r\u00e9 comme un \u00eatre \u00e0 part enti\u00e8re, unique et singulier. Vous b\u00e9n\u00e9ficierez d\u2019une prise en charge et d\u2019un &hellip;\" \/>\n<meta property=\"og:url\" content=\"https:\/\/gailhac.org\/index.php\/hebergement\/\" \/>\n<meta property=\"og:site_name\" content=\"Association Jean Gailhac\" \/>\n<meta property=\"article:modified_time\" content=\"2022-01-14T10:22:54+00:00\" \/>\n<meta name=\"twitter:card\" content=\"summary_large_image\" \/>\n<meta name=\"twitter:label1\" content=\"Dur\u00e9e de lecture estim\u00e9e\" \/>\n\t<meta name=\"twitter:data1\" content=\"2 minutes\" \/>\n<script type=\"application\/ld+json\" class=\"yoast-schema-graph\">{\"@context\":\"https:\/\/schema.org\",\"@graph\":[{\"@type\":\"WebSite\",\"@id\":\"https:\/\/gailhac.org\/#website\",\"url\":\"https:\/\/gailhac.org\/\",\"name\":\"Association Jean Gailhac\",\"description\":\"\",\"potentialAction\":[{\"@type\":\"SearchAction\",\"target\":{\"@type\":\"EntryPoint\",\"urlTemplate\":\"https:\/\/gailhac.org\/?s={search_term_string}\"},\"query-input\":\"required name=search_term_string\"}],\"inLanguage\":\"fr-FR\"},{\"@type\":\"WebPage\",\"@id\":\"https:\/\/gailhac.org\/index.php\/hebergement\/#webpage\",\"url\":\"https:\/\/gailhac.org\/index.php\/hebergement\/\",\"name\":\"H\u00e9bergement - Association Jean Gailhac\",\"isPartOf\":{\"@id\":\"https:\/\/gailhac.org\/#website\"},\"datePublished\":\"2021-10-28T14:26:49+00:00\",\"dateModified\":\"2022-01-14T10:22:54+00:00\",\"breadcrumb\":{\"@id\":\"https:\/\/gailhac.org\/index.php\/hebergement\/#breadcrumb\"},\"inLanguage\":\"fr-FR\",\"potentialAction\":[{\"@type\":\"ReadAction\",\"target\":[\"https:\/\/gailhac.org\/index.php\/hebergement\/\"]}]},{\"@type\":\"BreadcrumbList\",\"@id\":\"https:\/\/gailhac.org\/index.php\/hebergement\/#breadcrumb\",\"itemListElement\":[{\"@type\":\"ListItem\",\"position\":1,\"name\":\"Accueil\",\"item\":\"https:\/\/gailhac.org\/\"},{\"@type\":\"ListItem\",\"position\":2,\"name\":\"H\u00e9bergement\"}]}]}<\/script>\n<!-- \/ Yoast SEO plugin. -->","yoast_head_json":{"title":"H\u00e9bergement - Association Jean Gailhac","robots":{"index":"index","follow":"follow","max-snippet":"max-snippet:-1","max-image-preview":"max-image-preview:large","max-video-preview":"max-video-preview:-1"},"canonical":"https:\/\/gailhac.org\/index.php\/hebergement\/","og_locale":"fr_FR","og_type":"article","og_title":"H\u00e9bergement - Association Jean Gailhac","og_description":"Quelles que soient vos difficult\u00e9s, vous \u00eates consid\u00e9r\u00e9 comme un \u00eatre \u00e0 part enti\u00e8re, unique et singulier. Vous b\u00e9n\u00e9ficierez d\u2019une prise en charge et d\u2019un &hellip;","og_url":"https:\/\/gailhac.org\/index.php\/hebergement\/","og_site_name":"Association Jean Gailhac","article_modified_time":"2022-01-14T10:22:54+00:00","twitter_card":"summary_large_image","twitter_misc":{"Dur\u00e9e de lecture estim\u00e9e":"2 minutes"},"schema":{"@context":"https:\/\/schema.org","@graph":[{"@type":"WebSite","@id":"https:\/\/gailhac.org\/#website","url":"https:\/\/gailhac.org\/","name":"Association Jean Gailhac","description":"","potentialAction":[{"@type":"SearchAction","target":{"@type":"EntryPoint","urlTemplate":"https:\/\/gailhac.org\/?s={search_term_string}"},"query-input":"required name=search_term_string"}],"inLanguage":"fr-FR"},{"@type":"WebPage","@id":"https:\/\/gailhac.org\/index.php\/hebergement\/#webpage","url":"https:\/\/gailhac.org\/index.php\/hebergement\/","name":"H\u00e9bergement - Association Jean Gailhac","isPartOf":{"@id":"https:\/\/gailhac.org\/#website"},"datePublished":"2021-10-28T14:26:49+00:00","dateModified":"2022-01-14T10:22:54+00:00","breadcrumb":{"@id":"https:\/\/gailhac.org\/index.php\/hebergement\/#breadcrumb"},"inLanguage":"fr-FR","potentialAction":[{"@type":"ReadAction","target":["https:\/\/gailhac.org\/index.php\/hebergement\/"]}]},{"@type":"BreadcrumbList","@id":"https:\/\/gailhac.org\/index.php\/hebergement\/#breadcrumb","itemListElement":[{"@type":"ListItem","position":1,"name":"Accueil","item":"https:\/\/gailhac.org\/"},{"@type":"ListItem","position":2,"name":"H\u00e9bergement"}]}]}},"_links":{"self":[{"href":"https:\/\/gailhac.org\/index.php\/wp-json\/wp\/v2\/pages\/190","targetHints":{"allow":["GET"]}}],"collection":[{"href":"https:\/\/gailhac.org\/index.php\/wp-json\/wp\/v2\/pages"}],"about":[{"href":"https:\/\/gailhac.org\/index.php\/wp-json\/wp\/v2\/types\/page"}],"author":[{"embeddable":true,"href":"https:\/\/gailhac.org\/index.php\/wp-json\/wp\/v2\/users\/1"}],"replies":[{"embeddable":true,"href":"https:\/\/gailhac.org\/index.php\/wp-json\/wp\/v2\/comments?post=190"}],"version-history":[{"count":30,"href":"https:\/\/gailhac.org\/index.php\/wp-json\/wp\/v2\/pages\/190\/revisions"}],"predecessor-version":[{"id":1013,"href":"https:\/\/gailhac.org\/index.php\/wp-json\/wp\/v2\/pages\/190\/revisions\/1013"}],"wp:attachment":[{"href":"https:\/\/gailhac.org\/index.php\/wp-json\/wp\/v2\/media?parent=190"}],"curies":[{"name":"wp","href":"https:\/\/api.w.org\/{rel}","templated":true}]}}

Hébergement

<p class="has-drop-cap has-headings-color has-text-color">Quelles que soient vos difficultés, vous êtes considéré comme un être à part entière, unique et singulier. Vous bénéficierez d’une prise en charge et d’un accompagnement individualisé de qualité qui prend en compte votre situation, vos besoins et vos attentes. Également, vous participerez à la préparation de votre projet, en vous y impliquant réellement et concrètement dans sa conduite et sa mise en œuvre.</p>



<div style="height:39px" aria-hidden="true" class="wp-block-spacer"></div>



<h2 class="has-text-align-center wp-block-heading"><span style="text-decoration: underline;">Les solutions :</span></h2>



<div style="height:72px" aria-hidden="true" class="wp-block-spacer"></div>



<div class="wp-block-columns is-layout-flex wp-container-core-columns-is-layout-9d6595d7 wp-block-columns-is-layout-flex">
<div class="wp-block-column info_card services secondary_card hebergement is-layout-flow wp-block-column-is-layout-flow">
<h3 class="has-text-align-center wp-block-heading">MECS</h3>



<p class="has-text-align-center has-headings-color has-text-color">(Maison de Enfants à Caractère Sociale)</p>



<p class="has-headings-color has-text-color"> Composé de <strong>32<ins>&nbsp;places</ins></strong> sur 4 unités :</p>



<ul class="has-headings-color has-text-color wp-block-list"><li>G1 (4-11 ans) <span style="text-decoration: underline;">9 places</span> à Béziers</li><li>G2 (11-14 ans) <span style="text-decoration: underline;">9 places</span> à Béziers</li><li>G3 (15-17 ans) <span style="text-decoration: underline;">9 places </span>à Béziers</li><li>G4 (11-17 ans) <span style="text-decoration: underline;">5 places</span> à Poussecq</li></ul>



<p class="has-text-align-center"><a href="https://gailhac.org/wp-content/uploads/2021/11/Projet_etablissement_jean_gailhac.pdf"> Lien vers le document projet de service MECS </a></p>
</div>



<div class="wp-block-column info_card services secondary_card hebergement is-layout-flow wp-block-column-is-layout-flow">
<h3 class="has-text-align-center wp-block-heading">SAP</h3>



<p class="has-text-align-center has-headings-color has-text-color">(Service d&rsquo;Accompagnement Personnalisé)</p>



<p class="has-headings-color has-text-color">Composé de 6 places sur 3 unités :</p>



<ul class="has-headings-color has-text-color wp-block-list"><li>G1 (4-11 ans) <span style="text-decoration: underline;">2 places</span> à Béziers</li><li>G2 (11-14 ans) <span style="text-decoration: underline;">2 places</span> à Béziers</li><li>G3 (15-17 ans) <span style="text-decoration: underline;">2 places</span> à Béziers</li><li><span style="text-decoration: underline;">14 places</span> pour des jeunes vivant au domicile parental</li></ul>



<p class="has-text-align-center"><a href="https://gailhac.org/wp-content/uploads/2021/11/Projet_service_SAA.pdf"> Lien vers le document projet de service SAP  </a></p>
</div>



<div class="wp-block-column info_card services secondary_card hebergement is-layout-flow wp-block-column-is-layout-flow">
<div class="wp-block-group"><div class="wp-block-group__inner-container is-layout-flow wp-block-group-is-layout-flow">
<h3 class="has-text-align-center wp-block-heading">SAF</h3>



<p class="has-text-align-center has-headings-color has-text-color">  (Service d&rsquo;Accompagnement Familial)  </p>



<p class="has-headings-color has-text-color">Composé de 4 places sur 3 unités :</p>



<ul class="has-headings-color has-text-color wp-block-list"><li><span style="text-decoration: underline;">14 places</span> à Béziers</li><li>7<span style="text-decoration: underline;"> places</span> à  Bédarieux</li><li><span style="text-decoration: underline;">4 places</span> de repli réservés à la MECS</li></ul>



<p class="has-text-align-center"><a href="https://gailhac.org/wp-content/uploads/2021/11/Projet_service_SAF.pdf">Lien vers le document projet de service SAF</a></p>
</div></div>
</div>



<div class="wp-block-column info_card services secondary_card hebergement is-layout-flow wp-block-column-is-layout-flow">
<h3 class="has-text-align-center wp-block-heading">SAA</h3>



<p class="has-text-align-center has-headings-color has-text-color">(Service d&rsquo;Accompagnement à l&rsquo;Autonomie)</p>



<p class="has-headings-color has-text-color">Composé de 9 places sur une unité :</p>



<ul class="has-headings-color has-text-color wp-block-list"><li><span style="text-decoration: underline;">9 places</span> pour des 17-21 ans&nbsp;sur BEZIERS ville</li></ul>



<p class="has-text-align-center"><a href="https://gailhac.org/wp-content/uploads/2021/11/Projet_service_SAA.pdf"> Lien vers le document projet de service SAA  </a></p>
</div>
</div>



<div style="height:100px" aria-hidden="true" class="wp-block-spacer"></div>



<p class="has-drop-cap has-headings-color has-text-color">Soit <span style="text-decoration: underline;">47 places</span> sur ce pôle. Chaque jeune bénéficie du soutien de deux personnes qui restent des interlocuteurs privilégiés. Ils sont chargés du suivi du projet. Ces personnes centralisent les informations, préparent les synthèses et les réunions de projet. Elles sont plus particulièrement chargés du lien avec les familles ou les partenaires sociaux.</p>



<div style="height:100px" aria-hidden="true" class="wp-block-spacer"></div>



<div class="wp-block-group specific_info_block"><div class="wp-block-group__inner-container is-layout-flow wp-block-group-is-layout-flow">
<p class="has-headings-color has-text-color">S’agissant majoritairement des<em> mineurs</em>, nous accordons une <strong>place importante</strong> à votre <strong>famille</strong>, notamment dans l’élaboration du <span style="text-decoration: underline;">projet d’accompagnement individualisé</span>, chaque fois que cela est possible et selon la nature de la mesure du placement. </p>



<p class="has-headings-color has-text-color">Le ou les parents ont la possibilité&nbsp;: </p>



<ul class="has-headings-color has-text-color wp-block-list"><li><ul><li>D’être reçus à leur demande&nbsp;;</li></ul><ul><li>De participer à des rencontres avec l’équipe pour discuter de votre projet individualisé&nbsp;;</li><li>D’être&nbsp;&nbsp;reçus lors des manifestations institutionnelles&nbsp;;</li><li>Seront toujours informés et leur avis sera recherché pour une décision vous concernant.</li></ul></li></ul>
</div></div>



<div style="height:100px" aria-hidden="true" class="wp-block-spacer"></div>



<h4 class="has-text-align-center wp-block-heading">Pour plus de précisions nous vous proposons de lire notre livret d&rsquo;accueil en cliquant <a href="https://gailhac.orgwp-content/uploads/2021/11/Livret_accueil.pdf">ici</a></h4>

<p>Quelles que soient vos difficultés, vous êtes considéré comme un être à part entière, unique et singulier. Vous bénéficierez d’une prise en charge et d’un &hellip;</p>

<!-- This site is optimized with the Yoast SEO plugin v18.8 - https://yoast.com/wordpress/plugins/seo/ -->
<title>Hébergement - Association Jean Gailhac</title>
<meta name="robots" content="index, follow, max-snippet:-1, max-image-preview:large, max-video-preview:-1" />
<link rel="canonical" href="https://gailhac.org/index.php/hebergement/" />
<meta property="og:locale" content="fr_FR" />
<meta property="og:type" content="article" />
<meta property="og:title" content="Hébergement - Association Jean Gailhac" />
<meta property="og:description" content="Quelles que soient vos difficultés, vous êtes considéré comme un être à part entière, unique et singulier. Vous bénéficierez d’une prise en charge et d’un &hellip;" />
<meta property="og:url" content="https://gailhac.org/index.php/hebergement/" />
<meta property="og:site_name" content="Association Jean Gailhac" />
<meta property="article:modified_time" content="2022-01-14T10:22:54+00:00" />
<meta name="twitter:card" content="summary_large_image" />
<meta name="twitter:label1" content="Durée de lecture estimée" />
	<meta name="twitter:data1" content="2 minutes" />
<script type="application/ld+json" class="yoast-schema-graph">{"@context":"https://schema.org","@graph":[{"@type":"WebSite","@id":"https://gailhac.org/#website","url":"https://gailhac.org/","name":"Association Jean Gailhac","description":"","potentialAction":[{"@type":"SearchAction","target":{"@type":"EntryPoint","urlTemplate":"https://gailhac.org/?s={search_term_string}"},"query-input":"required name=search_term_string"}],"inLanguage":"fr-FR"},{"@type":"WebPage","@id":"https://gailhac.org/index.php/hebergement/#webpage","url":"https://gailhac.org/index.php/hebergement/","name":"Hébergement - Association Jean Gailhac","isPartOf":{"@id":"https://gailhac.org/#website"},"datePublished":"2021-10-28T14:26:49+00:00","dateModified":"2022-01-14T10:22:54+00:00","breadcrumb":{"@id":"https://gailhac.org/index.php/hebergement/#breadcrumb"},"inLanguage":"fr-FR","potentialAction":[{"@type":"ReadAction","target":["https://gailhac.org/index.php/hebergement/"]}]},{"@type":"BreadcrumbList","@id":"https://gailhac.org/index.php/hebergement/#breadcrumb","itemListElement":[{"@type":"ListItem","position":1,"name":"Accueil","item":"https://gailhac.org/"},{"@type":"ListItem","position":2,"name":"Hébergement"}]}]}</script>
<!-- / Yoast SEO plugin. -->

Hébergement - Association Jean Gailhac

Quelles que soient vos difficultés, vous êtes considéré comme un être à part entière, unique et singulier. Vous bénéficierez d’une prise en charge et d’un &hellip;
