{"id":729,"date":"2021-12-02T09:42:44","date_gmt":"2021-12-02T08:42:44","guid":{"rendered":"https:\/\/gailhac.org?page_id=729"},"modified":"2022-05-13T10:18:13","modified_gmt":"2022-05-13T08:18:13","slug":"patenaires-association-jean-gailhac-liens-utiles-et-partenaires","status":"publish","type":"page","link":"https:\/\/gailhac.org\/index.php\/patenaires-association-jean-gailhac-liens-utiles-et-partenaires\/","title":{"rendered":"Liens utiles et partenaires"},"content":{"rendered":"\n<p class=\"has-drop-cap has-headings-color has-text-color\"> L&rsquo;association Jean Gailhac B\u00e9ziers dispose de nombreux <strong>partenaires <\/strong>en lien avec notre secteur d&rsquo;activit\u00e9. Cela nous permet de proposer le <span style=\"text-decoration: underline;\">meilleur encadrement<\/span> et un maximum de possibilit\u00e9s \u00e0 nos jeunes confi\u00e9s. Gr\u00e2ce \u00e0 ce r\u00e9seau nous pouvons proposer des <em>sorties<\/em>, des <em>activit\u00e9s <\/em>et des <em>perspectives d&rsquo;avenir<\/em> \u00e0 tous ceux que l&rsquo;on accompagne.<\/p>\n\n\n\n<p><\/p>\n\n\n\n<p><\/p>\n\n\n\n<div style=\"height:87px\" aria-hidden=\"true\" class=\"wp-block-spacer\"><\/div>\n\n\n\n<div class=\"wp-block-group partenaires_liste\"><div class=\"wp-block-group__inner-container is-layout-flow wp-block-group-is-layout-flow\">\n<p class=\"has-headings-color has-text-color has-large-font-size\"><strong>Partenaires Association Jean Gailhac : <\/strong><\/p>\n\n\n\n<ul class=\"has-headings-color has-text-color wp-block-list\"><li><ul><li>-La <strong>Direction Enfance et Famille<\/strong> (DEF)<\/li><\/ul><ul><li>-Les <strong>Agences D\u00e9partementales de la Solidarit\u00e9<\/strong> (DSD)<\/li><li>-L&rsquo;<strong>inter secteur de p\u00e9dopsychiatrie<\/strong><\/li><li>-Les services habilit\u00e9s du milieu ouvert du Biterrois :<ul><li>-><strong>CSEB<\/strong> : <a href=\"https:\/\/cseb-beziers.website\/\">https:\/\/cseb-beziers.website\/<\/a><\/li><li>-><strong>SOAE<\/strong> : <a href=\"https:\/\/www.adages.net\/soae\/\">https:\/\/www.adages.net\/soae\/<\/a><\/li><\/ul><\/li><li>-L&rsquo;<strong>\u00c9ducation Nationale<\/strong> : <a href=\"https:\/\/www.education.gouv.fr\/\">https:\/\/www.education.gouv.fr\/<\/a><\/li><\/ul><ul><li>-La ville de <strong>B\u00e9ziers <\/strong>: <a href=\"https:\/\/www.ville-beziers.fr\/\">https:\/\/www.ville-beziers.fr\/<\/a><\/li><li>-La ville de <strong>B\u00e9darieux <\/strong>: <a href=\"http:\/\/www.bedarieux.fr\/\">http:\/\/www.bedarieux.fr<\/a><\/li><li>-La Fondation Adrienne et Pierre Sommer : <a href=\"https:\/\/fondation-apsommer.org\/\" target=\"_blank\" rel=\"noreferrer noopener\">https:\/\/fondation-apsommer.org\/<\/a> <\/li><\/ul><\/li><\/ul>\n\n\n\n<figure class=\"wp-block-image size-full\"><img loading=\"lazy\" decoding=\"async\" width=\"272\" height=\"113\" src=\"https:\/\/gailhac.org\/wp-content\/uploads\/2022\/05\/image-1.png\" alt=\"\" class=\"wp-image-1078\"\/><\/figure>\n<\/div><\/div>\n\n\n\n<div style=\"height:45px\" aria-hidden=\"true\" class=\"wp-block-spacer\"><\/div>\n\n\n\n<div class=\"wp-block-group partenaires_liste useful_links\"><div class=\"wp-block-group__inner-container is-layout-flow wp-block-group-is-layout-flow\">\n<p class=\"has-headings-color has-text-color has-large-font-size\"><strong>Liens utiles :<\/strong> <\/p>\n\n\n\n<ul class=\"has-headings-color has-text-color wp-block-list\"><li><ul><li>-Ville de <strong>Colombiers <\/strong>: <a href=\"https:\/\/www.ville-colombiers.fr\/\">https:\/\/www.ville-colombiers.fr\/<\/a><\/li><li>-Ville de <strong>Cazouls-l\u00e8s-B\u00e9ziers<\/strong> : <a href=\"https:\/\/www.cazoulslesbeziers.com\/\">https:\/\/www.cazoulslesbeziers.com\/<\/a><\/li><li>-Le<strong> Conseil G\u00e9n\u00e9ral de l&rsquo;H\u00e9rault<\/strong>, rubrique <span style=\"text-decoration: underline;\">Famille et enfance<\/span> :&nbsp;<a href=\"http:\/\/www.herault.fr\/enfance-famille\"><\/a><a href=\"https:\/\/herault.fr\/29-famille-enfance.htm\">http:\/\/www.herault.fr\/enfance-famille<\/a><\/li><li>-Ville de <strong>Faug\u00e8res <\/strong>: <a href=\"http:\/\/www.faugeres34.fr\/\">http:\/\/www.faugeres34.fr<\/a><\/li><\/ul><ul><li>-Ville de <strong>B\u00e9ziers<\/strong>, actions sociales : <a href=\"https:\/\/www.ville-beziers.fr\/jhabite-a-beziers\/solidarites\/titre-par-defaut\">https:\/\/www.ville-beziers.fr\/jhabite-a-beziers\/solidarites<\/a><\/li><\/ul><\/li><\/ul>\n<\/div><\/div>\n\n\n\n<p><\/p>\n\n\n\n<p> <\/p>\n","protected":false},"excerpt":{"rendered":"<p>L&rsquo;association Jean Gailhac B\u00e9ziers dispose de nombreux partenaires en lien avec notre secteur d&rsquo;activit\u00e9. Cela nous permet de proposer le meilleur encadrement et un maximum &hellip;<\/p>\n","protected":false},"author":1,"featured_media":0,"parent":0,"menu_order":0,"comment_status":"closed","ping_status":"closed","template":"","meta":{"ngg_post_thumbnail":0,"footnotes":""},"class_list":["post-729","page","type-page","status-publish","hentry"],"yoast_head":"<!-- This site is optimized with the Yoast SEO plugin v18.8 - https:\/\/yoast.com\/wordpress\/plugins\/seo\/ -->\n<title>Partenaires Association Jean Gailhac - Liens utiles<\/title>\n<meta name=\"description\" content=\"Retrouvez la liste des Partenaires Association Jean Gailhac ainsi que leurs coordonn\u00e9es ici. Retrouvez \u00e9galement quelques liens utiles.\" \/>\n<meta name=\"robots\" content=\"index, follow, max-snippet:-1, max-image-preview:large, max-video-preview:-1\" \/>\n<link rel=\"canonical\" href=\"https:\/\/gailhac.org\/index.php\/patenaires-association-jean-gailhac-liens-utiles-et-partenaires\/\" \/>\n<meta property=\"og:locale\" content=\"fr_FR\" \/>\n<meta property=\"og:type\" content=\"article\" \/>\n<meta property=\"og:title\" content=\"Partenaires Association Jean Gailhac - Liens utiles\" \/>\n<meta property=\"og:description\" content=\"Retrouvez la liste des Partenaires Association Jean Gailhac ainsi que leurs coordonn\u00e9es ici. Retrouvez \u00e9galement quelques liens utiles.\" \/>\n<meta property=\"og:url\" content=\"https:\/\/gailhac.org\/index.php\/patenaires-association-jean-gailhac-liens-utiles-et-partenaires\/\" \/>\n<meta property=\"og:site_name\" content=\"Association Jean Gailhac\" \/>\n<meta property=\"article:modified_time\" content=\"2022-05-13T08:18:13+00:00\" \/>\n<meta property=\"og:image\" content=\"https:\/\/gailhac.org\/wp-content\/uploads\/2022\/05\/image-1.png\" \/>\n<meta name=\"twitter:card\" content=\"summary_large_image\" \/>\n<meta name=\"twitter:label1\" content=\"Dur\u00e9e de lecture estim\u00e9e\" \/>\n\t<meta name=\"twitter:data1\" content=\"1 minute\" \/>\n<script type=\"application\/ld+json\" class=\"yoast-schema-graph\">{\"@context\":\"https:\/\/schema.org\",\"@graph\":[{\"@type\":\"WebSite\",\"@id\":\"https:\/\/gailhac.org\/#website\",\"url\":\"https:\/\/gailhac.org\/\",\"name\":\"Association Jean Gailhac\",\"description\":\"\",\"potentialAction\":[{\"@type\":\"SearchAction\",\"target\":{\"@type\":\"EntryPoint\",\"urlTemplate\":\"https:\/\/gailhac.org\/?s={search_term_string}\"},\"query-input\":\"required name=search_term_string\"}],\"inLanguage\":\"fr-FR\"},{\"@type\":\"ImageObject\",\"inLanguage\":\"fr-FR\",\"@id\":\"https:\/\/gailhac.org\/index.php\/patenaires-association-jean-gailhac-liens-utiles-et-partenaires\/#primaryimage\",\"url\":\"https:\/\/gailhac.org\/wp-content\/uploads\/2022\/05\/image-1.png\",\"contentUrl\":\"https:\/\/gailhac.org\/wp-content\/uploads\/2022\/05\/image-1.png\",\"width\":272,\"height\":113},{\"@type\":\"WebPage\",\"@id\":\"https:\/\/gailhac.org\/index.php\/patenaires-association-jean-gailhac-liens-utiles-et-partenaires\/#webpage\",\"url\":\"https:\/\/gailhac.org\/index.php\/patenaires-association-jean-gailhac-liens-utiles-et-partenaires\/\",\"name\":\"Partenaires Association Jean Gailhac - Liens utiles\",\"isPartOf\":{\"@id\":\"https:\/\/gailhac.org\/#website\"},\"primaryImageOfPage\":{\"@id\":\"https:\/\/gailhac.org\/index.php\/patenaires-association-jean-gailhac-liens-utiles-et-partenaires\/#primaryimage\"},\"datePublished\":\"2021-12-02T08:42:44+00:00\",\"dateModified\":\"2022-05-13T08:18:13+00:00\",\"description\":\"Retrouvez la liste des Partenaires Association Jean Gailhac ainsi que leurs coordonn\u00e9es ici. Retrouvez \u00e9galement quelques liens utiles.\",\"breadcrumb\":{\"@id\":\"https:\/\/gailhac.org\/index.php\/patenaires-association-jean-gailhac-liens-utiles-et-partenaires\/#breadcrumb\"},\"inLanguage\":\"fr-FR\",\"potentialAction\":[{\"@type\":\"ReadAction\",\"target\":[\"https:\/\/gailhac.org\/index.php\/patenaires-association-jean-gailhac-liens-utiles-et-partenaires\/\"]}]},{\"@type\":\"BreadcrumbList\",\"@id\":\"https:\/\/gailhac.org\/index.php\/patenaires-association-jean-gailhac-liens-utiles-et-partenaires\/#breadcrumb\",\"itemListElement\":[{\"@type\":\"ListItem\",\"position\":1,\"name\":\"Accueil\",\"item\":\"https:\/\/gailhac.org\/\"},{\"@type\":\"ListItem\",\"position\":2,\"name\":\"Liens utiles et partenaires\"}]}]}<\/script>\n<!-- \/ Yoast SEO plugin. -->","yoast_head_json":{"title":"Partenaires Association Jean Gailhac - Liens utiles","description":"Retrouvez la liste des Partenaires Association Jean Gailhac ainsi que leurs coordonn\u00e9es ici. Retrouvez \u00e9galement quelques liens utiles.","robots":{"index":"index","follow":"follow","max-snippet":"max-snippet:-1","max-image-preview":"max-image-preview:large","max-video-preview":"max-video-preview:-1"},"canonical":"https:\/\/gailhac.org\/index.php\/patenaires-association-jean-gailhac-liens-utiles-et-partenaires\/","og_locale":"fr_FR","og_type":"article","og_title":"Partenaires Association Jean Gailhac - Liens utiles","og_description":"Retrouvez la liste des Partenaires Association Jean Gailhac ainsi que leurs coordonn\u00e9es ici. Retrouvez \u00e9galement quelques liens utiles.","og_url":"https:\/\/gailhac.org\/index.php\/patenaires-association-jean-gailhac-liens-utiles-et-partenaires\/","og_site_name":"Association Jean Gailhac","article_modified_time":"2022-05-13T08:18:13+00:00","og_image":[{"url":"https:\/\/gailhac.org\/wp-content\/uploads\/2022\/05\/image-1.png"}],"twitter_card":"summary_large_image","twitter_misc":{"Dur\u00e9e de lecture estim\u00e9e":"1 minute"},"schema":{"@context":"https:\/\/schema.org","@graph":[{"@type":"WebSite","@id":"https:\/\/gailhac.org\/#website","url":"https:\/\/gailhac.org\/","name":"Association Jean Gailhac","description":"","potentialAction":[{"@type":"SearchAction","target":{"@type":"EntryPoint","urlTemplate":"https:\/\/gailhac.org\/?s={search_term_string}"},"query-input":"required name=search_term_string"}],"inLanguage":"fr-FR"},{"@type":"ImageObject","inLanguage":"fr-FR","@id":"https:\/\/gailhac.org\/index.php\/patenaires-association-jean-gailhac-liens-utiles-et-partenaires\/#primaryimage","url":"https:\/\/gailhac.org\/wp-content\/uploads\/2022\/05\/image-1.png","contentUrl":"https:\/\/gailhac.org\/wp-content\/uploads\/2022\/05\/image-1.png","width":272,"height":113},{"@type":"WebPage","@id":"https:\/\/gailhac.org\/index.php\/patenaires-association-jean-gailhac-liens-utiles-et-partenaires\/#webpage","url":"https:\/\/gailhac.org\/index.php\/patenaires-association-jean-gailhac-liens-utiles-et-partenaires\/","name":"Partenaires Association Jean Gailhac - Liens utiles","isPartOf":{"@id":"https:\/\/gailhac.org\/#website"},"primaryImageOfPage":{"@id":"https:\/\/gailhac.org\/index.php\/patenaires-association-jean-gailhac-liens-utiles-et-partenaires\/#primaryimage"},"datePublished":"2021-12-02T08:42:44+00:00","dateModified":"2022-05-13T08:18:13+00:00","description":"Retrouvez la liste des Partenaires Association Jean Gailhac ainsi que leurs coordonn\u00e9es ici. Retrouvez \u00e9galement quelques liens utiles.","breadcrumb":{"@id":"https:\/\/gailhac.org\/index.php\/patenaires-association-jean-gailhac-liens-utiles-et-partenaires\/#breadcrumb"},"inLanguage":"fr-FR","potentialAction":[{"@type":"ReadAction","target":["https:\/\/gailhac.org\/index.php\/patenaires-association-jean-gailhac-liens-utiles-et-partenaires\/"]}]},{"@type":"BreadcrumbList","@id":"https:\/\/gailhac.org\/index.php\/patenaires-association-jean-gailhac-liens-utiles-et-partenaires\/#breadcrumb","itemListElement":[{"@type":"ListItem","position":1,"name":"Accueil","item":"https:\/\/gailhac.org\/"},{"@type":"ListItem","position":2,"name":"Liens utiles et partenaires"}]}]}},"_links":{"self":[{"href":"https:\/\/gailhac.org\/index.php\/wp-json\/wp\/v2\/pages\/729","targetHints":{"allow":["GET"]}}],"collection":[{"href":"https:\/\/gailhac.org\/index.php\/wp-json\/wp\/v2\/pages"}],"about":[{"href":"https:\/\/gailhac.org\/index.php\/wp-json\/wp\/v2\/types\/page"}],"author":[{"embeddable":true,"href":"https:\/\/gailhac.org\/index.php\/wp-json\/wp\/v2\/users\/1"}],"replies":[{"embeddable":true,"href":"https:\/\/gailhac.org\/index.php\/wp-json\/wp\/v2\/comments?post=729"}],"version-history":[{"count":10,"href":"https:\/\/gailhac.org\/index.php\/wp-json\/wp\/v2\/pages\/729\/revisions"}],"predecessor-version":[{"id":1080,"href":"https:\/\/gailhac.org\/index.php\/wp-json\/wp\/v2\/pages\/729\/revisions\/1080"}],"wp:attachment":[{"href":"https:\/\/gailhac.org\/index.php\/wp-json\/wp\/v2\/media?parent=729"}],"curies":[{"name":"wp","href":"https:\/\/api.w.org\/{rel}","templated":true}]}}